{"id":63,"date":"2024-12-19T14:40:00","date_gmt":"2024-12-19T14:40:00","guid":{"rendered":"https:\/\/www.cgtbaixllobregat.cat\/?page_id=63"},"modified":"2025-09-08T06:32:38","modified_gmt":"2025-09-08T06:32:38","slug":"on-trobar-nos","status":"publish","type":"page","link":"https:\/\/www.cgtbaixllobregat.cat\/index.php\/on-trobar-nos\/","title":{"rendered":"On trobar-nos"},"content":{"rendered":"\n<iframe style=\"margin: 0 auto; display: block; border: 3px solid #019cba;\" src=\"https:\/\/www.google.com\/maps\/embed?pb=!1m18!1m12!1m3!1d2994.712442385099!2d2.0698236764386504!3d41.35860359777942!2m3!1f0!2f0!3f0!3m2!1i1024!2i768!4f13.1!3m3!1m2!1s0x12a4995c1187112f%3A0x4c2725645cfda43e!2sFederaci%C3%B3n%20Comarcal%20CGT%20Baix%20Llobregat!5e0!3m2!1ses!2ses!4v1734617848975!5m2!1ses!2ses\" width=\"600\" height=\"450\" style=\"border:0;\" allowfullscreen=\"\" loading=\"lazy\" referrerpolicy=\"no-referrer-when-downgrade\"><\/iframe>\n\n\n\n<p>Ens trobar\u00e0s al nostre local, obert a totes les ve\u00efns i ve\u00efnes de la comarca. Vine a informar-te, assessorar-te o participar a les nostres activitats.<\/p>\n\n\n\n<p><strong>Adre\u00e7a:<\/strong> Ctra. d&#8217;Esplugues, 46<br><strong>Horari d\u2019atenci\u00f3:<\/strong> <\/p>\n\n\n\n<ul class=\"wp-block-list\">\n<li style=\"font-size:19px\">De dilluns a dijous de 09:00 a 13:00 i de 17:00 a 20:00<\/li>\n\n\n\n<li style=\"font-size:19px\">Divendres de 09:00 a 13:00<\/li>\n<\/ul>\n\n\n\n<p><strong>Metro, Tramb i Rodalies:<\/strong> Cornell\u00e0 Centre<\/p>\n\n\n\n<p><strong>Autobusos: <\/strong>67 &#8211; 68 &#8211; 94 &#8211; L46 &#8211; L74 &#8211; L85 &#8211; M75 &#8211; N14<\/p>\n\n\n\n<p>El sindicat \u00e9s casa teva: vine, organitza\u2019t i lluita amb nosaltres.<\/p>\n","protected":false},"excerpt":{"rendered":"<p>Ens trobar\u00e0s al nostre local, obert a totes les ve\u00efns i ve\u00efnes de la comarca. [&hellip;]<\/p>\n","protected":false},"author":1,"featured_media":0,"parent":0,"menu_order":0,"comment_status":"closed","ping_status":"closed","template":"","meta":{"footnotes":""},"class_list":["post-63","page","type-page","status-publish","hentry"],"yoast_head":"<!-- This site is optimized with the Yoast SEO plugin v27.2 - https:\/\/yoast.com\/product\/yoast-seo-wordpress\/ -->\n<title>On trobar-nos - Federaci\u00f3 Comarcal de la CGT Baix Llobregat<\/title>\n<meta name=\"robots\" content=\"index, follow, max-snippet:-1, max-image-preview:large, max-video-preview:-1\" \/>\n<link rel=\"canonical\" href=\"https:\/\/www.cgtbaixllobregat.cat\/index.php\/on-trobar-nos\/\" \/>\n<meta property=\"og:locale\" content=\"ca_ES\" \/>\n<meta property=\"og:type\" content=\"article\" \/>\n<meta property=\"og:title\" content=\"On trobar-nos - Federaci\u00f3 Comarcal de la CGT Baix Llobregat\" \/>\n<meta property=\"og:description\" content=\"Ens trobar\u00e0s al nostre local, obert a totes les ve\u00efns i ve\u00efnes de la comarca. [&hellip;]\" \/>\n<meta property=\"og:url\" content=\"https:\/\/www.cgtbaixllobregat.cat\/index.php\/on-trobar-nos\/\" \/>\n<meta property=\"og:site_name\" content=\"Federaci\u00f3 Comarcal de la CGT Baix Llobregat\" \/>\n<meta property=\"article:modified_time\" content=\"2025-09-08T06:32:38+00:00\" \/>\n<meta name=\"twitter:card\" content=\"summary_large_image\" \/>\n<meta name=\"twitter:label1\" content=\"Temps estimat de lectura\" \/>\n\t<meta name=\"twitter:data1\" content=\"1 minut\" \/>\n<script type=\"application\/ld+json\" class=\"yoast-schema-graph\">{\"@context\":\"https:\/\/schema.org\",\"@graph\":[{\"@type\":\"WebPage\",\"@id\":\"https:\/\/www.cgtbaixllobregat.cat\/index.php\/on-trobar-nos\/\",\"url\":\"https:\/\/www.cgtbaixllobregat.cat\/index.php\/on-trobar-nos\/\",\"name\":\"On trobar-nos - Federaci\u00f3 Comarcal de la CGT Baix Llobregat\",\"isPartOf\":{\"@id\":\"https:\/\/www.cgtbaixllobregat.cat\/#website\"},\"datePublished\":\"2024-12-19T14:40:00+00:00\",\"dateModified\":\"2025-09-08T06:32:38+00:00\",\"breadcrumb\":{\"@id\":\"https:\/\/www.cgtbaixllobregat.cat\/index.php\/on-trobar-nos\/#breadcrumb\"},\"inLanguage\":\"ca\",\"potentialAction\":[{\"@type\":\"ReadAction\",\"target\":[\"https:\/\/www.cgtbaixllobregat.cat\/index.php\/on-trobar-nos\/\"]}]},{\"@type\":\"BreadcrumbList\",\"@id\":\"https:\/\/www.cgtbaixllobregat.cat\/index.php\/on-trobar-nos\/#breadcrumb\",\"itemListElement\":[{\"@type\":\"ListItem\",\"position\":1,\"name\":\"Inici\",\"item\":\"https:\/\/www.cgtbaixllobregat.cat\/\"},{\"@type\":\"ListItem\",\"position\":2,\"name\":\"On trobar-nos\"}]},{\"@type\":\"WebSite\",\"@id\":\"https:\/\/www.cgtbaixllobregat.cat\/#website\",\"url\":\"https:\/\/www.cgtbaixllobregat.cat\/\",\"name\":\"Federaci\u00f3 Comarcal de la CGT Baix Llobregat\",\"description\":\"\",\"publisher\":{\"@id\":\"https:\/\/www.cgtbaixllobregat.cat\/#organization\"},\"potentialAction\":[{\"@type\":\"SearchAction\",\"target\":{\"@type\":\"EntryPoint\",\"urlTemplate\":\"https:\/\/www.cgtbaixllobregat.cat\/?s={search_term_string}\"},\"query-input\":{\"@type\":\"PropertyValueSpecification\",\"valueRequired\":true,\"valueName\":\"search_term_string\"}}],\"inLanguage\":\"ca\"},{\"@type\":\"Organization\",\"@id\":\"https:\/\/www.cgtbaixllobregat.cat\/#organization\",\"name\":\"Federaci\u00f3 Comarcal de la CGT Baix Llobregat\",\"url\":\"https:\/\/www.cgtbaixllobregat.cat\/\",\"logo\":{\"@type\":\"ImageObject\",\"inLanguage\":\"ca\",\"@id\":\"https:\/\/www.cgtbaixllobregat.cat\/#\/schema\/logo\/image\/\",\"url\":\"https:\/\/www.cgtbaixllobregat.cat\/wp-content\/uploads\/2024\/09\/Logo_CGTBX.png\",\"contentUrl\":\"https:\/\/www.cgtbaixllobregat.cat\/wp-content\/uploads\/2024\/09\/Logo_CGTBX.png\",\"width\":835,\"height\":825,\"caption\":\"Federaci\u00f3 Comarcal de la CGT Baix Llobregat\"},\"image\":{\"@id\":\"https:\/\/www.cgtbaixllobregat.cat\/#\/schema\/logo\/image\/\"}}]}<\/script>\n<!-- \/ Yoast SEO plugin. -->","yoast_head_json":{"title":"On trobar-nos - Federaci\u00f3 Comarcal de la CGT Baix Llobregat","robots":{"index":"index","follow":"follow","max-snippet":"max-snippet:-1","max-image-preview":"max-image-preview:large","max-video-preview":"max-video-preview:-1"},"canonical":"https:\/\/www.cgtbaixllobregat.cat\/index.php\/on-trobar-nos\/","og_locale":"ca_ES","og_type":"article","og_title":"On trobar-nos - Federaci\u00f3 Comarcal de la CGT Baix Llobregat","og_description":"Ens trobar\u00e0s al nostre local, obert a totes les ve\u00efns i ve\u00efnes de la comarca. [&hellip;]","og_url":"https:\/\/www.cgtbaixllobregat.cat\/index.php\/on-trobar-nos\/","og_site_name":"Federaci\u00f3 Comarcal de la CGT Baix Llobregat","article_modified_time":"2025-09-08T06:32:38+00:00","twitter_card":"summary_large_image","twitter_misc":{"Temps estimat de lectura":"1 minut"},"schema":{"@context":"https:\/\/schema.org","@graph":[{"@type":"WebPage","@id":"https:\/\/www.cgtbaixllobregat.cat\/index.php\/on-trobar-nos\/","url":"https:\/\/www.cgtbaixllobregat.cat\/index.php\/on-trobar-nos\/","name":"On trobar-nos - Federaci\u00f3 Comarcal de la CGT Baix Llobregat","isPartOf":{"@id":"https:\/\/www.cgtbaixllobregat.cat\/#website"},"datePublished":"2024-12-19T14:40:00+00:00","dateModified":"2025-09-08T06:32:38+00:00","breadcrumb":{"@id":"https:\/\/www.cgtbaixllobregat.cat\/index.php\/on-trobar-nos\/#breadcrumb"},"inLanguage":"ca","potentialAction":[{"@type":"ReadAction","target":["https:\/\/www.cgtbaixllobregat.cat\/index.php\/on-trobar-nos\/"]}]},{"@type":"BreadcrumbList","@id":"https:\/\/www.cgtbaixllobregat.cat\/index.php\/on-trobar-nos\/#breadcrumb","itemListElement":[{"@type":"ListItem","position":1,"name":"Inici","item":"https:\/\/www.cgtbaixllobregat.cat\/"},{"@type":"ListItem","position":2,"name":"On trobar-nos"}]},{"@type":"WebSite","@id":"https:\/\/www.cgtbaixllobregat.cat\/#website","url":"https:\/\/www.cgtbaixllobregat.cat\/","name":"Federaci\u00f3 Comarcal de la CGT Baix Llobregat","description":"","publisher":{"@id":"https:\/\/www.cgtbaixllobregat.cat\/#organization"},"potentialAction":[{"@type":"SearchAction","target":{"@type":"EntryPoint","urlTemplate":"https:\/\/www.cgtbaixllobregat.cat\/?s={search_term_string}"},"query-input":{"@type":"PropertyValueSpecification","valueRequired":true,"valueName":"search_term_string"}}],"inLanguage":"ca"},{"@type":"Organization","@id":"https:\/\/www.cgtbaixllobregat.cat\/#organization","name":"Federaci\u00f3 Comarcal de la CGT Baix Llobregat","url":"https:\/\/www.cgtbaixllobregat.cat\/","logo":{"@type":"ImageObject","inLanguage":"ca","@id":"https:\/\/www.cgtbaixllobregat.cat\/#\/schema\/logo\/image\/","url":"https:\/\/www.cgtbaixllobregat.cat\/wp-content\/uploads\/2024\/09\/Logo_CGTBX.png","contentUrl":"https:\/\/www.cgtbaixllobregat.cat\/wp-content\/uploads\/2024\/09\/Logo_CGTBX.png","width":835,"height":825,"caption":"Federaci\u00f3 Comarcal de la CGT Baix Llobregat"},"image":{"@id":"https:\/\/www.cgtbaixllobregat.cat\/#\/schema\/logo\/image\/"}}]}},"_links":{"self":[{"href":"https:\/\/www.cgtbaixllobregat.cat\/index.php\/wp-json\/wp\/v2\/pages\/63","targetHints":{"allow":["GET"]}}],"collection":[{"href":"https:\/\/www.cgtbaixllobregat.cat\/index.php\/wp-json\/wp\/v2\/pages"}],"about":[{"href":"https:\/\/www.cgtbaixllobregat.cat\/index.php\/wp-json\/wp\/v2\/types\/page"}],"author":[{"embeddable":true,"href":"https:\/\/www.cgtbaixllobregat.cat\/index.php\/wp-json\/wp\/v2\/users\/1"}],"replies":[{"embeddable":true,"href":"https:\/\/www.cgtbaixllobregat.cat\/index.php\/wp-json\/wp\/v2\/comments?post=63"}],"version-history":[{"count":10,"href":"https:\/\/www.cgtbaixllobregat.cat\/index.php\/wp-json\/wp\/v2\/pages\/63\/revisions"}],"predecessor-version":[{"id":86,"href":"https:\/\/www.cgtbaixllobregat.cat\/index.php\/wp-json\/wp\/v2\/pages\/63\/revisions\/86"}],"wp:attachment":[{"href":"https:\/\/www.cgtbaixllobregat.cat\/index.php\/wp-json\/wp\/v2\/media?parent=63"}],"curies":[{"name":"wp","href":"https:\/\/api.w.org\/{rel}","templated":true}]}}