{"id":302,"date":"2025-12-11T09:51:09","date_gmt":"2025-12-11T09:51:09","guid":{"rendered":"https:\/\/www.cgtbaixllobregat.cat\/?page_id=302"},"modified":"2026-03-27T13:46:41","modified_gmt":"2026-03-27T13:46:41","slug":"formulari-dinscripcio","status":"publish","type":"page","link":"https:\/\/www.cgtbaixllobregat.cat\/index.php\/formulari-dinscripcio\/","title":{"rendered":"Formulari d\u2019inscripci\u00f3 Formaci\u00f3 de noves masculinitats i Viol\u00e8ncia de G\u00e8nere"},"content":{"rendered":"<style id=\"wpforms-css-vars-285-block-37c0efde-aa49-4b02-92b1-72bf39fad389\">\n\t\t\t\t#wpforms-285.wpforms-block-37c0efde-aa49-4b02-92b1-72bf39fad389 {\n\t\t\t\t--wpforms-label-color: #ffffff;\n--wpforms-label-sublabel-color: #ede1e1;\n--wpforms-label-error-color: #f27474;\n--wpforms-field-border-color: #abb8c3;\n--wpforms-field-border-color-spare: #abb8c3;\n--wpforms-field-text-color: #000;\n--wpforms-button-background-color: #c2b3b3;\n--wpforms-field-size-input-height: 43px;\n--wpforms-field-size-input-spacing: 15px;\n--wpforms-field-size-font-size: 16px;\n--wpforms-field-size-line-height: 19px;\n--wpforms-field-size-padding-h: 14px;\n--wpforms-field-size-checkbox-size: 16px;\n--wpforms-field-size-sublabel-spacing: 5px;\n--wpforms-field-size-icon-size: 1;\n--wpforms-label-size-font-size: 16px;\n--wpforms-label-size-line-height: 19px;\n--wpforms-label-size-sublabel-font-size: 14px;\n--wpforms-label-size-sublabel-line-height: 17px;\n--wpforms-button-size-font-size: 20px;\n--wpforms-button-size-height: 48px;\n--wpforms-button-size-padding-h: 20px;\n--wpforms-button-size-margin-top: 15px;\n\t\t\t}\n\t\t\t<\/style><div class=\"wpforms-container wpforms-container-full wpforms-block wpforms-block-37c0efde-aa49-4b02-92b1-72bf39fad389 wpforms-render-modern\" id=\"wpforms-285\"><form id=\"wpforms-form-285\" class=\"wpforms-validate wpforms-form wpforms-ajax-form\" data-formid=\"285\" method=\"post\" enctype=\"multipart\/form-data\" action=\"\/index.php\/wp-json\/wp\/v2\/pages\/302\" data-token=\"71fd951076c7e6a2b412b9d1baccf4c4\" data-token-time=\"1776227624\"><noscript class=\"wpforms-error-noscript\">Activeu el JavaScript al navegador per a poder completar el formulari.<\/noscript><div id=\"wpforms-error-noscript\" style=\"display: none;\">Activeu el JavaScript al navegador per a poder completar el formulari.<\/div><div class=\"wpforms-field-container\"><div id=\"wpforms-285-field_3-container\" class=\"wpforms-field wpforms-field-select wpforms-field-select-style-classic\" data-field-id=\"3\"><label class=\"wpforms-field-label\" for=\"wpforms-285-field_3\">Ets Afiliat a la CGT del Baix Llobregat <span class=\"wpforms-required-label\" aria-hidden=\"true\">*<\/span><\/label><select id=\"wpforms-285-field_3\" class=\"wpforms-field-small wpforms-field-required\" name=\"wpforms[fields][3]\" required=\"required\"><option value=\"\" class=\"placeholder\" disabled  selected='selected'>Selecciona opci\u00f3<\/option><option value=\"Soc Afiliat\"  class=\"choice-1 depth-1\"  >Soc Afiliat<\/option><option value=\"No soc Afiliat\"  class=\"choice-2 depth-1\"  >No soc Afiliat<\/option><\/select><\/div><div id=\"wpforms-285-field_1-container\" class=\"wpforms-field wpforms-field-name\" data-field-id=\"1\"><fieldset><legend class=\"wpforms-field-label\">Nom <span class=\"wpforms-required-label\" aria-hidden=\"true\">*<\/span><\/legend><div class=\"wpforms-field-row wpforms-field-medium\"><div class=\"wpforms-field-row-block wpforms-first wpforms-one-half\"><input type=\"text\" id=\"wpforms-285-field_1\" class=\"wpforms-field-name-first wpforms-field-required\" name=\"wpforms[fields][1][first]\" aria-errormessage=\"wpforms-285-field_1-error\" required><label for=\"wpforms-285-field_1\" class=\"wpforms-field-sublabel after\">Nom<\/label><\/div><div class=\"wpforms-field-row-block wpforms-one-half\"><input type=\"text\" id=\"wpforms-285-field_1-last\" class=\"wpforms-field-name-last wpforms-field-required\" name=\"wpforms[fields][1][last]\" aria-errormessage=\"wpforms-285-field_1-last-error\" required><label for=\"wpforms-285-field_1-last\" class=\"wpforms-field-sublabel after\">Cognoms<\/label><\/div><\/div><\/fieldset><\/div><div id=\"wpforms-285-field_2-container\" class=\"wpforms-field wpforms-field-email\" data-field-id=\"2\"><label class=\"wpforms-field-label\" for=\"wpforms-285-field_2\">Email <span class=\"wpforms-required-label\" aria-hidden=\"true\">*<\/span><\/label><input type=\"email\" id=\"wpforms-285-field_2\" class=\"wpforms-field-medium wpforms-field-required\" name=\"wpforms[fields][2]\" spellcheck=\"false\" aria-errormessage=\"wpforms-285-field_2-error\" required><\/div>\t\t<div id=\"wpforms-285-field_4-container\"\n\t\t\tclass=\"wpforms-field wpforms-field-text\"\n\t\t\tdata-field-type=\"text\"\n\t\t\tdata-field-id=\"4\"\n\t\t\t>\n\t\t\t<label class=\"wpforms-field-label\" for=\"wpforms-285-field_4\" >alguna a Baix<\/label>\n\t\t\t<input type=\"text\" id=\"wpforms-285-field_4\" class=\"wpforms-field-medium\" name=\"wpforms[fields][4]\" >\n\t\t<\/div>\n\t\t<div id=\"wpforms-285-field_11-container\" class=\"wpforms-field wpforms-field-textarea\" data-field-id=\"11\"><label class=\"wpforms-field-label\" for=\"wpforms-285-field_11\">vols dir-nos alguna cosa?<\/label><textarea id=\"wpforms-285-field_11\" class=\"wpforms-field-medium\" name=\"wpforms[fields][11]\" aria-errormessage=\"wpforms-285-field_11-error\" ><\/textarea><\/div><div id=\"wpforms-285-field_7-container\" class=\"wpforms-field wpforms-field-checkbox\" data-field-id=\"7\"><fieldset><legend class=\"wpforms-field-label\">Consentiment <span class=\"wpforms-required-label\" aria-hidden=\"true\">*<\/span><\/legend><ul id=\"wpforms-285-field_7\" class=\"wpforms-field-required\"><li class=\"choice-1 depth-1\"><input type=\"checkbox\" id=\"wpforms-285-field_7_1\" name=\"wpforms[fields][7][]\" value=\"Accepto el tractament de dades descrit\" aria-errormessage=\"wpforms-285-field_7_1-error\" aria-describedby=\"wpforms-285-field_7-description\" required ><label class=\"wpforms-field-label-inline\" for=\"wpforms-285-field_7_1\">Accepto el tractament de dades descrit<\/label><\/li><\/ul><div id=\"wpforms-285-field_7-description\" class=\"wpforms-field-description\">D\u2019acord amb el Reglament General de Protecci\u00f3 de dades GDPR, (UE) 2016\/679, t\u2019informem que les dades personals subministrades seran incorporades a una base de dades gestionada per la Federaci\u00f3 Comarcal de la CGT Baix llobregat, amb la finalitat de la realitzaci\u00f3 i seguiment d\u2019activitats sindicals emparades en la legislaci\u00f3 vigent. . En qualsevol moment pots exercir els teus drets d\u2019acc\u00e9s, rectificaci\u00f3, cancel\u00b7laci\u00f3 i oposici\u00f3 mitjan\u00e7ant comunicaci\u00f3 escrita o presencial amb la responsable del Tractament: Federaci\u00f3 Comarcal de la CGT Baix Llobregat, NIF V60897253, comunicacio@cgtbaixllobregat.cat, Ctra. d&#8217;Esplugues, 08940-Cornell\u00e0, Tlf 93 377 91 63 mitjan\u00e7ant identificaci\u00f3 personal fefaent.<\/div><\/fieldset><\/div><script>\n\t\t\t\t( function() {\n\t\t\t\t\tconst style = document.createElement( 'style' );\n\t\t\t\t\tstyle.appendChild( document.createTextNode( '#wpforms-285-field_4-container { position: absolute !important; overflow: hidden !important; display: inline !important; height: 1px !important; width: 1px !important; z-index: -1000 !important; padding: 0 !important; } #wpforms-285-field_4-container input { visibility: hidden; } #wpforms-conversational-form-page #wpforms-285-field_4-container label { counter-increment: none; }' ) );\n\t\t\t\t\tdocument.head.appendChild( style );\n\t\t\t\t\tdocument.currentScript?.remove();\n\t\t\t\t} )();\n\t\t\t<\/script><\/div><!-- .wpforms-field-container --><div class=\"wpforms-recaptcha-container wpforms-is-recaptcha wpforms-is-recaptcha-type-v3\" ><input type=\"hidden\" name=\"wpforms[recaptcha]\" value=\"\"><\/div><div class=\"wpforms-submit-container\" ><input type=\"hidden\" name=\"wpforms[id]\" value=\"285\"><input type=\"hidden\" name=\"page_title\" value=\"\"><input type=\"hidden\" name=\"page_url\" value=\"https:\/\/www.cgtbaixllobregat.cat\/index.php\/wp-json\/wp\/v2\/pages\/302\"><input type=\"hidden\" name=\"url_referer\" value=\"\"><button type=\"submit\" name=\"wpforms[submit]\" id=\"wpforms-submit-285\" class=\"wpforms-submit\" data-alt-text=\"Enviant...\" data-submit-text=\"Enviar\" aria-live=\"assertive\" value=\"wpforms-submit\">Enviar<\/button><img loading=\"lazy\" decoding=\"async\" src=\"https:\/\/www.cgtbaixllobregat.cat\/wp-content\/plugins\/wpforms-lite\/assets\/images\/submit-spin.svg\" class=\"wpforms-submit-spinner\" style=\"display: none;\" width=\"26\" height=\"26\" alt=\"S&#039;est\u00e0 carregant\"><\/div><\/form><\/div>  <!-- .wpforms-container -->","protected":false},"excerpt":{"rendered":"","protected":false},"author":1,"featured_media":0,"parent":0,"menu_order":0,"comment_status":"closed","ping_status":"closed","template":"","meta":{"footnotes":""},"class_list":["post-302","page","type-page","status-publish","hentry"],"yoast_head":"<!-- This site is optimized with the Yoast SEO plugin v27.2 - https:\/\/yoast.com\/product\/yoast-seo-wordpress\/ -->\n<title>Formulari d\u2019inscripci\u00f3 Formaci\u00f3 de noves masculinitats i Viol\u00e8ncia de G\u00e8nere - Federaci\u00f3 Comarcal de la CGT Baix Llobregat<\/title>\n<meta name=\"robots\" content=\"index, follow, max-snippet:-1, max-image-preview:large, max-video-preview:-1\" \/>\n<link rel=\"canonical\" href=\"https:\/\/www.cgtbaixllobregat.cat\/index.php\/formulari-dinscripcio\/\" \/>\n<meta property=\"og:locale\" content=\"ca_ES\" \/>\n<meta property=\"og:type\" content=\"article\" \/>\n<meta property=\"og:title\" content=\"Formulari d\u2019inscripci\u00f3 Formaci\u00f3 de noves masculinitats i Viol\u00e8ncia de G\u00e8nere - Federaci\u00f3 Comarcal de la CGT Baix Llobregat\" \/>\n<meta property=\"og:url\" content=\"https:\/\/www.cgtbaixllobregat.cat\/index.php\/formulari-dinscripcio\/\" \/>\n<meta property=\"og:site_name\" content=\"Federaci\u00f3 Comarcal de la CGT Baix Llobregat\" \/>\n<meta property=\"article:modified_time\" content=\"2026-03-27T13:46:41+00:00\" \/>\n<meta name=\"twitter:card\" content=\"summary_large_image\" \/>\n<script type=\"application\/ld+json\" class=\"yoast-schema-graph\">{\"@context\":\"https:\/\/schema.org\",\"@graph\":[{\"@type\":\"WebPage\",\"@id\":\"https:\/\/www.cgtbaixllobregat.cat\/index.php\/formulari-dinscripcio\/\",\"url\":\"https:\/\/www.cgtbaixllobregat.cat\/index.php\/formulari-dinscripcio\/\",\"name\":\"Formulari d\u2019inscripci\u00f3 Formaci\u00f3 de noves masculinitats i Viol\u00e8ncia de G\u00e8nere - Federaci\u00f3 Comarcal de la CGT Baix Llobregat\",\"isPartOf\":{\"@id\":\"https:\/\/www.cgtbaixllobregat.cat\/#website\"},\"datePublished\":\"2025-12-11T09:51:09+00:00\",\"dateModified\":\"2026-03-27T13:46:41+00:00\",\"breadcrumb\":{\"@id\":\"https:\/\/www.cgtbaixllobregat.cat\/index.php\/formulari-dinscripcio\/#breadcrumb\"},\"inLanguage\":\"ca\",\"potentialAction\":[{\"@type\":\"ReadAction\",\"target\":[\"https:\/\/www.cgtbaixllobregat.cat\/index.php\/formulari-dinscripcio\/\"]}]},{\"@type\":\"BreadcrumbList\",\"@id\":\"https:\/\/www.cgtbaixllobregat.cat\/index.php\/formulari-dinscripcio\/#breadcrumb\",\"itemListElement\":[{\"@type\":\"ListItem\",\"position\":1,\"name\":\"Inici\",\"item\":\"https:\/\/www.cgtbaixllobregat.cat\/\"},{\"@type\":\"ListItem\",\"position\":2,\"name\":\"Formulari d\u2019inscripci\u00f3 Formaci\u00f3 de noves masculinitats i Viol\u00e8ncia de G\u00e8nere\"}]},{\"@type\":\"WebSite\",\"@id\":\"https:\/\/www.cgtbaixllobregat.cat\/#website\",\"url\":\"https:\/\/www.cgtbaixllobregat.cat\/\",\"name\":\"Federaci\u00f3 Comarcal de la CGT Baix Llobregat\",\"description\":\"\",\"publisher\":{\"@id\":\"https:\/\/www.cgtbaixllobregat.cat\/#organization\"},\"potentialAction\":[{\"@type\":\"SearchAction\",\"target\":{\"@type\":\"EntryPoint\",\"urlTemplate\":\"https:\/\/www.cgtbaixllobregat.cat\/?s={search_term_string}\"},\"query-input\":{\"@type\":\"PropertyValueSpecification\",\"valueRequired\":true,\"valueName\":\"search_term_string\"}}],\"inLanguage\":\"ca\"},{\"@type\":\"Organization\",\"@id\":\"https:\/\/www.cgtbaixllobregat.cat\/#organization\",\"name\":\"Federaci\u00f3 Comarcal de la CGT Baix Llobregat\",\"url\":\"https:\/\/www.cgtbaixllobregat.cat\/\",\"logo\":{\"@type\":\"ImageObject\",\"inLanguage\":\"ca\",\"@id\":\"https:\/\/www.cgtbaixllobregat.cat\/#\/schema\/logo\/image\/\",\"url\":\"https:\/\/www.cgtbaixllobregat.cat\/wp-content\/uploads\/2024\/09\/Logo_CGTBX.png\",\"contentUrl\":\"https:\/\/www.cgtbaixllobregat.cat\/wp-content\/uploads\/2024\/09\/Logo_CGTBX.png\",\"width\":835,\"height\":825,\"caption\":\"Federaci\u00f3 Comarcal de la CGT Baix Llobregat\"},\"image\":{\"@id\":\"https:\/\/www.cgtbaixllobregat.cat\/#\/schema\/logo\/image\/\"}}]}<\/script>\n<!-- \/ Yoast SEO plugin. -->","yoast_head_json":{"title":"Formulari d\u2019inscripci\u00f3 Formaci\u00f3 de noves masculinitats i Viol\u00e8ncia de G\u00e8nere - Federaci\u00f3 Comarcal de la CGT Baix Llobregat","robots":{"index":"index","follow":"follow","max-snippet":"max-snippet:-1","max-image-preview":"max-image-preview:large","max-video-preview":"max-video-preview:-1"},"canonical":"https:\/\/www.cgtbaixllobregat.cat\/index.php\/formulari-dinscripcio\/","og_locale":"ca_ES","og_type":"article","og_title":"Formulari d\u2019inscripci\u00f3 Formaci\u00f3 de noves masculinitats i Viol\u00e8ncia de G\u00e8nere - Federaci\u00f3 Comarcal de la CGT Baix Llobregat","og_url":"https:\/\/www.cgtbaixllobregat.cat\/index.php\/formulari-dinscripcio\/","og_site_name":"Federaci\u00f3 Comarcal de la CGT Baix Llobregat","article_modified_time":"2026-03-27T13:46:41+00:00","twitter_card":"summary_large_image","schema":{"@context":"https:\/\/schema.org","@graph":[{"@type":"WebPage","@id":"https:\/\/www.cgtbaixllobregat.cat\/index.php\/formulari-dinscripcio\/","url":"https:\/\/www.cgtbaixllobregat.cat\/index.php\/formulari-dinscripcio\/","name":"Formulari d\u2019inscripci\u00f3 Formaci\u00f3 de noves masculinitats i Viol\u00e8ncia de G\u00e8nere - Federaci\u00f3 Comarcal de la CGT Baix Llobregat","isPartOf":{"@id":"https:\/\/www.cgtbaixllobregat.cat\/#website"},"datePublished":"2025-12-11T09:51:09+00:00","dateModified":"2026-03-27T13:46:41+00:00","breadcrumb":{"@id":"https:\/\/www.cgtbaixllobregat.cat\/index.php\/formulari-dinscripcio\/#breadcrumb"},"inLanguage":"ca","potentialAction":[{"@type":"ReadAction","target":["https:\/\/www.cgtbaixllobregat.cat\/index.php\/formulari-dinscripcio\/"]}]},{"@type":"BreadcrumbList","@id":"https:\/\/www.cgtbaixllobregat.cat\/index.php\/formulari-dinscripcio\/#breadcrumb","itemListElement":[{"@type":"ListItem","position":1,"name":"Inici","item":"https:\/\/www.cgtbaixllobregat.cat\/"},{"@type":"ListItem","position":2,"name":"Formulari d\u2019inscripci\u00f3 Formaci\u00f3 de noves masculinitats i Viol\u00e8ncia de G\u00e8nere"}]},{"@type":"WebSite","@id":"https:\/\/www.cgtbaixllobregat.cat\/#website","url":"https:\/\/www.cgtbaixllobregat.cat\/","name":"Federaci\u00f3 Comarcal de la CGT Baix Llobregat","description":"","publisher":{"@id":"https:\/\/www.cgtbaixllobregat.cat\/#organization"},"potentialAction":[{"@type":"SearchAction","target":{"@type":"EntryPoint","urlTemplate":"https:\/\/www.cgtbaixllobregat.cat\/?s={search_term_string}"},"query-input":{"@type":"PropertyValueSpecification","valueRequired":true,"valueName":"search_term_string"}}],"inLanguage":"ca"},{"@type":"Organization","@id":"https:\/\/www.cgtbaixllobregat.cat\/#organization","name":"Federaci\u00f3 Comarcal de la CGT Baix Llobregat","url":"https:\/\/www.cgtbaixllobregat.cat\/","logo":{"@type":"ImageObject","inLanguage":"ca","@id":"https:\/\/www.cgtbaixllobregat.cat\/#\/schema\/logo\/image\/","url":"https:\/\/www.cgtbaixllobregat.cat\/wp-content\/uploads\/2024\/09\/Logo_CGTBX.png","contentUrl":"https:\/\/www.cgtbaixllobregat.cat\/wp-content\/uploads\/2024\/09\/Logo_CGTBX.png","width":835,"height":825,"caption":"Federaci\u00f3 Comarcal de la CGT Baix Llobregat"},"image":{"@id":"https:\/\/www.cgtbaixllobregat.cat\/#\/schema\/logo\/image\/"}}]}},"_links":{"self":[{"href":"https:\/\/www.cgtbaixllobregat.cat\/index.php\/wp-json\/wp\/v2\/pages\/302","targetHints":{"allow":["GET"]}}],"collection":[{"href":"https:\/\/www.cgtbaixllobregat.cat\/index.php\/wp-json\/wp\/v2\/pages"}],"about":[{"href":"https:\/\/www.cgtbaixllobregat.cat\/index.php\/wp-json\/wp\/v2\/types\/page"}],"author":[{"embeddable":true,"href":"https:\/\/www.cgtbaixllobregat.cat\/index.php\/wp-json\/wp\/v2\/users\/1"}],"replies":[{"embeddable":true,"href":"https:\/\/www.cgtbaixllobregat.cat\/index.php\/wp-json\/wp\/v2\/comments?post=302"}],"version-history":[{"count":3,"href":"https:\/\/www.cgtbaixllobregat.cat\/index.php\/wp-json\/wp\/v2\/pages\/302\/revisions"}],"predecessor-version":[{"id":378,"href":"https:\/\/www.cgtbaixllobregat.cat\/index.php\/wp-json\/wp\/v2\/pages\/302\/revisions\/378"}],"wp:attachment":[{"href":"https:\/\/www.cgtbaixllobregat.cat\/index.php\/wp-json\/wp\/v2\/media?parent=302"}],"curies":[{"name":"wp","href":"https:\/\/api.w.org\/{rel}","templated":true}]}}